ulate the greatest common factor of 156 and 209937.
39
What is the highest common factor of 768 and 2028?
12
Calculate the greatest common factor of 66 and 629904.
66
Calculate the greatest common factor of 1060 and 219155.
265
What is the greatest common divisor of 113 and 1789?
1
Calculate the greatest common divisor of 51921 and 96791.
641
What is the highest common factor of 1140 and 5460?
60
Calculate the highest common factor of 5154 and 12.
6
What is the greatest common factor of 1185 and 360?
15
Calculate the highest common factor of 275 and 4411.
11
What is the highest common factor of 9083 and 11780?
31
Calculate the greatest common factor of 2320 and 20000.
80
What is the highest common factor of 112152 and 72?
24
What is the highest common factor of 12152 and 1022?
14
What is the greatest common divisor of 14800 and 4600?
200
What is the greatest common factor of 207 and 718083?
207
What is the greatest common factor of 70 and 2224915?
35
What is the greatest common divisor of 25528 and 16?
8
What is the highest common divisor of 7869 and 2379?
183
What is the highest common divisor of 156865 and 685?
685
Calculate the greatest common divisor of 42251 and 1265.
253
Calculate the highest common factor of 7334 and 3281.
193
What is the highest common divisor of 494 and 94354?
494
Calculate the highest common divisor of 60 and 129606.
6
What is the greatest common factor of 47039 and 765?
17
What is the highest common divisor of 15183 and 6111?
63
Calculate the highest common divisor of 34407 and 3.
3
What is the highest common factor of 29142 and 90?
18
What is the greatest common divisor of 122642 and 212?
106
Calculate the greatest common factor of 192040 and 160.
40
What is the highest common factor of 74 and 7169009?
37
Calculate the highest common factor of 4500 and 36200.
100
Calculate the greatest common divisor of 1233549 and 291.
291
What is the highest common divisor of 36 and 35436?
12
What is the greatest common divisor of 29110 and 492?
82
What is the highest common factor of 54 and 531?
9
Calculate the greatest common divisor of 65 and 148.
1
What is the greatest common divisor of 156506 and 1666?
98
What is the greatest common divisor of 102 and 6?
6
What is the highest common factor of 2916 and 24?
12
Calculate the highest common factor of 16318 and 82.
82
Calculate the greatest common divisor of 3060 and 10620.
180
What is the highest common divisor of 570 and 9185930?
190
Calculate the greatest common divisor of 315 and 22029.
21
What is the greatest common factor of 138480 and 1500?
60
What is the highest common divisor of 176 and 76868?
44
What is the greatest common divisor of 2998 and 16?
2
Calculate the highest common divisor of 16 and 722344.
8
Calculate the greatest common factor of 471 and 684.
3
What is the greatest common divisor of 513 and 2394?
171
What is the greatest common factor of 2168 and 6472?
8
What is the highest common factor of 962 and 7488?
26
Calculate the highest common factor of 255905 and 635.
635
What is the greatest common divisor of 2202116 and 3038?
434
What is the highest common divisor of 2755359 and 531?
531
Calculate the highest common divisor of 45925 and 2365.
55
Calculate the highest common factor of 27250 and 80.
10
What is the highest common divisor of 11033 and 837505?
1003
What is the highest common factor of 332 and 168075?
83
Calculate the greatest common factor of 140039 and 1441.
131
Calculate the highest common divisor of 3011348 and 152.
76
What is the highest common factor of 6363 and 3939?
303
Calculate the highest common factor of 372 and 17616.
12
What is the highest common factor of 459 and 13107?
51
Calculate the highest common factor of 2546 and 14338.
134
What is the greatest common divisor of 28 and 299?
1
What is the greatest common factor of 186165 and 540?
135
What is the greatest common factor of 11016 and 46?
2
What is the highest common divisor of 97 and 2466128?
97
What is the greatest common divisor of 20739 and 3627?
93
Calculate the highest common factor of 24 and 13304.
8
Calculate the greatest common divisor of 2862037 and 303.
101
What is the greatest common divisor of 3872 and 3916?
44
Calculate the highest common divisor of 2820 and 840.
60
What is the greatest common factor of 1311 and 23484?
57
What is the greatest common factor of 340 and 12740?
20
Calculate the greatest common factor of 285 and 16435.
95
What is the greatest common factor of 16881 and 7344?
51
Calculate the highest common factor of 808 and 32724.
404
Calculate the highest common factor of 252657 and 2095.
419
What is the greatest common factor of 332350 and 1156?
578
What is the greatest common divisor of 328 and 123?
41
What is the greatest common divisor of 24 and 145056?
24
Calculate the greatest common divisor of 11 and 3233879.
11
Calculate the greatest common factor of 79045 and 5.
5
What is the highest common factor of 122560 and 16?
16
What is the highest common factor of 20 and 1588?
4
What is the highest common divisor of 101 and 22?
1
What is the greatest common factor of 167946 and 207?
69
What is the highest common divisor of 137574 and 90?
18
What is the highest common divisor of 251441 and 62?
31
Calculate the highest common divisor of 252 and 765212.
28
What is the greatest common factor of 28970 and 430?
10
What is the greatest common factor of 97720 and 130?
10
Calculate the highest common factor of 19171 and 12863.
19
Calculate the greatest common divisor of 2675 and 400.
25
What is the highest common factor of 14074 and 248?
62
Calculate the highest common divisor of 8208 and 3.
3
Calculate the highest common divisor of 1055688 and 24.
24
Calculate the greatest common factor of 83 and 1447769.
83
What is the highest common divisor of 10352 and 400?
16
Calculate the greatest common factor of 3380 and 114244.
676
Calculate the highest common divisor of 26 and 37895.
13
Calculate the highest common factor of 10146 and 494.
38
Calculate the greatest common factor of 16920 and 198105.
705
What is the highest common factor of 105375 and 1125?
375
Calculate the greatest common divisor of 3658 and 4189.
59
Calculate the highest common factor of 6912 and 156.
12
Calculate the highest common divisor of 1429671 and 87.
87
Calculate the greatest common divisor of 1308 and 33136.
436
Calculate the highest common divisor of 12159 and 37056.
579
What is the highest common factor of 197425 and 1700?
25
What is the highest common divisor of 1024 and 416?
32
What is the greatest common divisor of 2 and 2731?
1
What is the highest common divisor of 950405 and 524?
131
Calculate the greatest common factor of 1032706 and 274.
274
Calculate the greatest common factor of 10207 and 9342.
173
Calculate the greatest common factor of 688 and 2000.
16
Calculate the highest common factor of 52050 and 300.
150
What is the highest common divisor of 83978 and 4220?
422
Calculate the greatest common divisor of 58 and 161327.
29
Calculate the highest common divisor of 1591153 and 113.
113
Calculate the greatest common divisor of 14960 and 880000.
880
Calculate the greatest common factor of 16 and 31760.
16
Calculate the greatest common factor of 855629 and 328.
41
Calculate the highest common divisor of 137984 and 256.
256
What is the highest common factor of 84854 and 1064?
266
What is the highest common factor of 7388 and 48?
4
What is the greatest common factor of 6 and 59802?
6
Calculate the highest common divisor of 52 and 539045.
13
What is the highest common divisor of 28392 and 637?
91
Calculate the greatest common factor of 234585 and 14625.
585
What is the greatest common divisor of 525 and 1013075?
175
Calculate the highest common factor of 2 and 112166.
2
What is the greatest common divisor of 6500 and 247910?
130
What is the highest common factor of 40488 and 43176?
168
What is the greatest common factor of 6 and 71034?
6
What is the highest common factor of 33313 and 644?
7
Calculate the greatest common factor of 1102 and 3451.
29
Calculate the greatest common factor of 23861 and 446.
223
What is the highest common divisor of 1488 and 23529?
93
What is the greatest common divisor of 27330 and 384442?
1822
Calculate the greatest common divisor of 999 and 459.
27
What is